55 and z.
5
Let x(n) be the second derivative of n**5/20 + 5*n**4/12 - n**3/2 + 5*n**2/2 + n. Let s be x(-5). What is the greatest common divisor of s and 4?
4
Let l(g) = -g**3 + 7*g**2 + 6*g - 7. Let z(k) = k**2 - 11*k - 6. Let j be z(12). Let d be l(j). Calculate the greatest common divisor of d and 13.
13
Let t = -4 - 2. Let i be 2/t + 74/6. Suppose -3*a - h + 4*h = -24, 5*a - 38 = 4*h. Calculate the highest common factor of a and i.
6
Let o(i) = i**3 - 3*i**2 + 5*i - 3. Suppose 5*q + 0 - 15 = 0. Let x be o(q). Calculate the greatest common factor of x and 48.
12
Suppose -4*i = -423 - 153. Let d(n) = -n**3 + 4*n + 3. Let q be d(-3). What is the greatest common divisor of q and i?
18
Let b = 6 + -3. Suppose -b*p + 4*n = -132, -2*p + 88 = -6*n + 3*n. Calculate the greatest common divisor of p and 22.
22
Suppose -8 = -6*i + 2*i. Suppose -2*o + i = -6. Suppose 0 = -h + 4*s + 32, 3*h - 3*s - 79 = -8*s. Calculate the greatest common divisor of o and h.
4
Let m = -13 - -34. Suppose 3*o + 28 = 70. What is the highest common factor of o and m?
7
Let w(m) = m**3 - 13*m**2 + 23*m + 4. Let p be w(11). Suppose -x = 2*x - 3*k - 141, x - 5*k = 55. What is the highest common factor of x and p?
15
Suppose 0*y - 5*y + 40 = 0. Suppose -2*m + 260 = 5*u, 2*u + 112 = -3*m + 4*m. Suppose -m = 2*o - 5*o. What is the highest common factor of y and o?
8
Let q(p) = 7 + 2 - p**3 + 4*p**2 + 4*p**2 + p. Suppose 3*b - 5*o = 26, -24 = -b - 3*b - 4*o. Let v be q(b). Calculate the greatest common divisor of 26 and v.
13
Suppose n - 46 = -5*q + 3*n, -3*q + 2*n + 26 = 0. What is the greatest common factor of 60 and q?
10
Let d = 8 - 5. Let q(w) = w**3 - w**2 - 4*w + 4. Let h be q(d). Let u = -19 - -39. Calculate the highest common divisor of h and u.
10
Let v(c) = c**2 - 3*c - 1. Let h be v(4). Suppose 0 = 2*n + h*n + 20. Let w = n - -8. What is the greatest common divisor of 8 and w?
4
Suppose -5*q - 69 = -789. Calculate the highest common divisor of 36 and q.
36
Suppose 2 = 2*r - 2. Suppose -r*a + 12 = -2*h, -5*a - h = -3*h - 36. What is the greatest common factor of 12 and a?
4
Suppose -5*j + 2 = -4*j. Suppose 40 = j*y + 8. What is the highest common factor of 112 and y?
16
Suppose 0 = -2*b - 2*b + 40. Calculate the greatest common divisor of b and 5.
5
Let m be (-2)/(-2) + (37 - -1). Suppose -52 = -17*j + 13*j. What is the greatest common factor of j and m?
13
Suppose f - 9 = 11. Suppose 2*d - 7 = c - 15, f = 5*c. Let t be (-6)/(1/5*d). Calculate the highest common factor of t and 10.
5
Let t be 48/5 + 28/70. Calculate the greatest common factor of t and 2.
2
Let s be (-1)/1 + 8/2. Suppose 4*j - 3*r - 14 = -j, r = 5*j - 18. Suppose s*t - j*t = 3*l - 16, 0 = 2*l - 10. What is the highest common factor of t and 8?
1
Let d(b) be the first derivative of -7*b**2/2 + 4*b - 14. Let j = 1 - 4. Let m be d(j). What is the highest common divisor of m and 5?
5
Suppose -4*q - 3*q = -315. What is the greatest common divisor of 5 and q?
5
Let a be (-12)/(-30) - 66/(-10). Let m be (-310)/(-4) + (-5)/10. What is the highest common factor of m and a?
7
Suppose -3*b + 68 = 4*m, -b = -m + 3*b + 17. Let t be 2 - 3 - (-35 + 0). What is the greatest common factor of m and t?
17
Let d(k) = k**3 + 6*k**2 - 9*k + 2. Let w be d(-7). Calculate the greatest common factor of 8 and w.
8
Suppose -2*c + 0 = -4. Let a(i) = i**3 - 5*i**2 + 6*i - 20. Let u be a(5). What is the greatest common divisor of c and u?
2
Let n be 9 + 3 - 4/2. Suppose 10*c - 12*c + 50 = 0. What is the highest common divisor of c and n?
5
Suppose -l + j - 3 = l, -2 = 2*j. Let p be (-9)/l + (-1)/(-2). Let m = -7 + 47. What is the highest common factor of m and p?
5
Suppose -1287 = -10*p - 167. Suppose 0 = 2*o - 0*o - 28. What is the highest common factor of p and o?
14
Let j be 99*(10/3 + -3). Calculate the greatest common divisor of 231 and j.
33
Let c(l) be the first derivative of l**3/3 + 3*l**2/2 + 6*l + 4. Let g be c(-5). What is the greatest common divisor of 48 and g?
16
Let x be 4 + 38 - 1*-2. What is the greatest common divisor of 11 and x?
11
Suppose -3*b = -18 + 6. Suppose -8 = -2*x - 5*g, 2*x + 4*g = g + 8. What is the highest common divisor of b and x?
4
Suppose 4*d - 135 = w, -4*d = -8*d - 4*w + 160. Calculate the greatest common divisor of 7 and d.
7
Suppose c - 5 + 3 = 0. Calculate the greatest common factor of 2 and c.
2
Let w be (6/(-60)*5)/((-2)/8). Let n(g) = g. Let s be n(6). Calculate the highest common factor of w and s.
2
Let m be 6/(-4)*8/(-6). Suppose -5*x - 5*o = 0, -3*x + 12 = -5*o - 12. Let s be x*(3 - 1)/6. What is the highest common divisor of s and m?
1
Let l(s) = 9*s + 0*s - 1 - s. Let p be l(7). Calculate the highest common divisor of 11 and p.
11
Let h(t) = 7*t**2 - 4*t - 3. Let s be h(-3). Calculate the greatest common divisor of 18 and s.
18
Let d = -23 - 30. Let p = -7 + d. Let c be (p/1)/(-3) - 0. Calculate the greatest common factor of 20 and c.
20
Suppose 3*y + 5*b = -16, -3*b - 1 = -2*y + 1. Let h be 16 + 6 - y/1. Calculate the greatest common factor of h and 8.
8
Let b be (-304)/(-40) + -3 - 3/5. Calculate the highest common divisor of b and 4.
4
Let y = 61 - 14. Let l = y + -18. Suppose 9 = -5*t + l. What is the highest common factor of 44 and t?
4
Let f = 2 + 2. Let a be f/(-6) - (-20)/3. Suppose 2*h + 24 = 3*h. What is the highest common divisor of a and h?
6
Let v = 18 + -129. Suppose -2*l + l - 247 = 0. Let q = v - l. Calculate the highest common divisor of q and 17.
17
Let z(l) = -l**2 - 9*l - 9. Let j be z(-7). Suppose -j*k - 2*w + 35 = 0, k = -k - w + 15. Calculate the highest common factor of k and 10.
5
Let w = 21 + -11. Suppose 85 = 5*v + w. What is the highest common factor of v and 15?
15
Suppose -3*r = -2 - 43. What is the highest common divisor of r and 15?
15
Let a(z) = 3 - 1 - 2*z**2 - 2 - 11*z**3. Let l be a(-2). Let n(o) = -2*o**3 - o**2 + 4*o - 1. Let t be n(-3). Calculate the greatest common factor of l and t.
16
Suppose -5*t + 618 = 2*u + 210, 4*t - 336 = -4*u. Suppose -3*h + 4*g = -76, -2*h - 4*g = -4*h + 44. What is the highest common divisor of t and h?
16
Let b(s) = 5*s**2 + 2*s. Let y be b(2). Calculate the greatest common divisor of 36 and y.
12
Let u(z) = -z + 2. Let i be u(-3). Let g(b) = -11*b + 2. Let p be g(-3). What is the highest common factor of i and p?
5
Suppose -6 - 9 = -5*c, 3*n = -5*c - 138. Let i be (-1 - (-4)/3)*n. Let v = 33 + i. Calculate the greatest common factor of 48 and v.
16
Let m = -28 + 48. What is the highest common divisor of 140 and m?
20
Suppose 2*o - 4*y = o - 10, -3*y + 9 = 0. Suppose 4*x + 4*d = 20, 5*d + 0*d = o*x - 24. Calculate the greatest common factor of 7 and x.
7
Let o be (-2)/(-5) + (-294)/(-15). Suppose -68 = -3*j - o. What is the greatest common factor of j and 4?
4
Let v = 54 + -52. Calculate the highest common factor of 1 and v.
1
Let g be (-943)/(-69) + 2/(-3). What is the highest common divisor of 91 and g?
13
Let s be 6/27 + 34/9. Suppose -3*m = -s*m + 11. What is the highest common divisor of 11 and m?
11
Let n = 1 - -1. Let o be (-2)/(-7) + 33/7. Suppose -2*u + n*g + 0*g + 314 = 0, 0 = -4*u - o*g + 601. Calculate the highest common divisor of u and 14.
14
Let a(m) = -m**2 - 6*m + 3. Let n be a(-6). Let x(s) = -s**2 - 5*s - 3. Let g be x(-4). Calculate the greatest common divisor of g and n.
1
Let r = -135 - -137. Let s(v) = -v. Let w be s(-2). Calculate the greatest common divisor of r and w.
2
Suppose r = -r + 10. Suppose 262 = -r*v - 2*h, 0*v + 4*v - 3*h = -228. Let o be ((-4)/(-6))/((-4)/v). What is the greatest common divisor of o and 18?
9
Let g be 1/(-5) - (-1443)/65. Calculate the highest common divisor of g and 132.
22
Let m(w) = -1 + 2*w**3 - w**2 - w**3 + 6. Let l be m(5). Let j be l/25*(6 + -1). What is the highest common factor of j and 189?
21
Suppose c - 3*k - 3 = 0, 0 = 5*c - k + 5*k - 15. Calculate the highest common divisor of c and 69.
3
Suppose -4*t + 105 = -t. What is the highest common divisor of 175 and t?
35
Suppose -4*w - 4 = 2*t, -2*w - 9 = -1. Let p be ((-42)/5)/(t/(-40)). Calculate the greatest common factor of 84 and p.
28
Suppose 2 = -3*n - 4*w, 0*n + 4*n - 3*w = 14. Let h(c) = -c**3 - 2*c - 1. Let s be h(-1). Calculate the greatest common divisor of n and s.
2
Let h be 3 + (-1208)